{"id":47,"date":"2025-03-11T13:14:47","date_gmt":"2025-03-11T13:14:47","guid":{"rendered":"https:\/\/bjl4668a.mmiweb.iut-tlse3.fr\/?page_id=47"},"modified":"2025-04-02T18:21:28","modified_gmt":"2025-04-02T18:21:28","slug":"les-tables","status":"publish","type":"page","link":"https:\/\/bjl4668a.mmiweb.iut-tlse3.fr\/?page_id=47","title":{"rendered":"Les tables"},"content":{"rendered":"\t\t<div data-elementor-type=\"wp-page\" data-elementor-id=\"47\" class=\"elementor elementor-47\" data-elementor-post-type=\"page\">\n\t\t\t\t<div class=\"elementor-element elementor-element-42b66b96 e-con-full e-flex wpr-particle-no wpr-jarallax-no wpr-parallax-no wpr-sticky-section-no e-con e-parent\" data-id=\"42b66b96\" data-element_type=\"container\" data-settings=\"{&quot;background_background&quot;:&quot;classic&quot;}\">\n\t\t\t\t<div class=\"elementor-element elementor-element-266b65d4 elementor-widget elementor-widget-heading\" data-id=\"266b65d4\" data-element_type=\"widget\" data-widget_type=\"heading.default\">\n\t\t\t\t<div class=\"elementor-widget-container\">\n\t\t\t\t\t<h1 class=\"elementor-heading-title elementor-size-default\">Le Nostre Tavole<\/h1>\t\t\t\t<\/div>\n\t\t\t\t<\/div>\n\t\t\t\t<div class=\"elementor-element elementor-element-65b56a79 elementor-widget__width-initial elementor-widget-mobile__width-inherit elementor-widget elementor-widget-text-editor\" data-id=\"65b56a79\" data-element_type=\"widget\" data-widget_type=\"text-editor.default\">\n\t\t\t\t<div class=\"elementor-widget-container\">\n\t\t\t\t\t\t\t\t\t<p>Chez <em>NONNA<\/em>, chaque repas est une immersion dans l\u2019authenticit\u00e9 de la cuisine italienne, servie dans un cadre d\u2019exception. Deux villas toscanes, deux atmosph\u00e8res uniques, deux menus inspir\u00e9s des recettes traditionnelles de nos mamie.<\/p>\t\t\t\t\t\t\t\t<\/div>\n\t\t\t\t<\/div>\n\t\t\t\t<\/div>\n\t\t<div class=\"elementor-element elementor-element-25d78dd e-grid e-con-boxed wpr-particle-no wpr-jarallax-no wpr-parallax-no wpr-sticky-section-no e-con e-parent\" data-id=\"25d78dd\" data-element_type=\"container\" data-settings=\"{&quot;background_background&quot;:&quot;classic&quot;}\">\n\t\t\t\t\t<div class=\"e-con-inner\">\n\t\t<div class=\"elementor-element elementor-element-698e512 e-con-full e-flex wpr-particle-no wpr-jarallax-no wpr-parallax-no wpr-sticky-section-no e-con e-child\" data-id=\"698e512\" data-element_type=\"container\">\n\t\t<div class=\"elementor-element elementor-element-4116f72 e-con-full e-flex wpr-particle-no wpr-jarallax-no wpr-parallax-no wpr-sticky-section-no e-con e-child\" data-id=\"4116f72\" data-element_type=\"container\">\n\t\t\t\t<div class=\"elementor-element elementor-element-85bc7f1 elementor-widget elementor-widget-image\" data-id=\"85bc7f1\" data-element_type=\"widget\" data-widget_type=\"image.default\">\n\t\t\t\t<div class=\"elementor-widget-container\">\n\t\t\t\t\t\t\t\t\t\t\t\t\t\t\t<img alt=\"\" fetchpriority=\"high\" decoding=\"async\" width=\"800\" height=\"800\" src=\"https:\/\/bjl4668a.mmiweb.iut-tlse3.fr\/wp-content\/uploads\/2025\/04\/Capture-decran-2025-04-01-a-10.45.24-e1743583747564-1024x1024.png\" class=\"attachment-large size-large wp-image-110\" alt=\"\" srcset=\"https:\/\/bjl4668a.mmiweb.iut-tlse3.fr\/wp-content\/uploads\/2025\/04\/Capture-decran-2025-04-01-a-10.45.24-e1743583747564-1024x1024.png 1024w, https:\/\/bjl4668a.mmiweb.iut-tlse3.fr\/wp-content\/uploads\/2025\/04\/Capture-decran-2025-04-01-a-10.45.24-e1743583747564-300x300.png 300w, https:\/\/bjl4668a.mmiweb.iut-tlse3.fr\/wp-content\/uploads\/2025\/04\/Capture-decran-2025-04-01-a-10.45.24-e1743583747564-150x150.png 150w, https:\/\/bjl4668a.mmiweb.iut-tlse3.fr\/wp-content\/uploads\/2025\/04\/Capture-decran-2025-04-01-a-10.45.24-e1743583747564-768x768.png 768w, https:\/\/bjl4668a.mmiweb.iut-tlse3.fr\/wp-content\/uploads\/2025\/04\/Capture-decran-2025-04-01-a-10.45.24-e1743583747564-1536x1536.png 1536w, https:\/\/bjl4668a.mmiweb.iut-tlse3.fr\/wp-content\/uploads\/2025\/04\/Capture-decran-2025-04-01-a-10.45.24-e1743583747564.png 1747w\" sizes=\"(max-width: 800px) 100vw, 800px\" \/>\t\t\t\t\t\t\t\t\t\t\t\t\t\t\t<\/div>\n\t\t\t\t<\/div>\n\t\t\t\t<\/div>\n\t\t<div class=\"elementor-element elementor-element-33cf187 e-con-full e-flex wpr-particle-no wpr-jarallax-no wpr-parallax-no wpr-sticky-section-no e-con e-child\" data-id=\"33cf187\" data-element_type=\"container\">\n\t\t\t\t<div class=\"elementor-element elementor-element-03eef79 elementor-widget elementor-widget-heading\" data-id=\"03eef79\" data-element_type=\"widget\" data-widget_type=\"heading.default\">\n\t\t\t\t<div class=\"elementor-widget-container\">\n\t\t\t\t\t<h2 class=\"elementor-heading-title elementor-size-default\">Sapori de Italia<\/h2>\t\t\t\t<\/div>\n\t\t\t\t<\/div>\n\t\t<div class=\"elementor-element elementor-element-b0001ad e-con-full e-flex wpr-particle-no wpr-jarallax-no wpr-parallax-no wpr-sticky-section-no e-con e-child\" data-id=\"b0001ad\" data-element_type=\"container\">\n\t\t\t\t<div class=\"elementor-element elementor-element-443420e elementor-widget elementor-widget-text-editor\" data-id=\"443420e\" data-element_type=\"widget\" data-widget_type=\"text-editor.default\">\n\t\t\t\t<div class=\"elementor-widget-container\">\n\t\t\t\t\t\t\t\t\t<p>Plongez dans l\u2019\u00e9l\u00e9gance des saveurs de l\u2019Italie. Ce menu raffin\u00e9 met \u00e0 l\u2019honneur des plats traditionnels tels que le risotto aux c\u00e8pes, les lasagnes \u00e0 la bolognaise et les antipasti savoureux. Un voyage gustatif o\u00f9 le parmesan, la truffe et les vins fins vous transportent au c\u0153ur des terres italiennes.<\/p>\t\t\t\t\t\t\t\t<\/div>\n\t\t\t\t<\/div>\n\t\t\t\t<\/div>\n\t\t\t\t<\/div>\n\t\t\t\t<\/div>\n\t\t\t\t<div class=\"elementor-element elementor-element-fe69386 elementor-widget elementor-widget-image\" data-id=\"fe69386\" data-element_type=\"widget\" data-widget_type=\"image.default\">\n\t\t\t\t<div class=\"elementor-widget-container\">\n\t\t\t\t\t\t\t\t\t\t\t\t\t\t\t<img alt=\"\" decoding=\"async\" width=\"596\" height=\"738\" src=\"https:\/\/bjl4668a.mmiweb.iut-tlse3.fr\/wp-content\/uploads\/2025\/04\/Menu-1-e1743577049890.png\" class=\"attachment-large size-large wp-image-104\" alt=\"\" srcset=\"https:\/\/bjl4668a.mmiweb.iut-tlse3.fr\/wp-content\/uploads\/2025\/04\/Menu-1-e1743577049890.png 596w, https:\/\/bjl4668a.mmiweb.iut-tlse3.fr\/wp-content\/uploads\/2025\/04\/Menu-1-e1743577049890-242x300.png 242w\" sizes=\"(max-width: 596px) 100vw, 596px\" \/>\t\t\t\t\t\t\t\t\t\t\t\t\t\t\t<\/div>\n\t\t\t\t<\/div>\n\t\t\t\t\t<\/div>\n\t\t\t\t<\/div>\n\t\t<div class=\"elementor-element elementor-element-2a5d34a e-grid e-con-boxed wpr-particle-no wpr-jarallax-no wpr-parallax-no wpr-sticky-section-no e-con e-parent\" data-id=\"2a5d34a\" data-element_type=\"container\" data-settings=\"{&quot;background_background&quot;:&quot;classic&quot;}\">\n\t\t\t\t\t<div class=\"e-con-inner\">\n\t\t\t\t<div class=\"elementor-element elementor-element-1b8811f elementor-widget elementor-widget-image\" data-id=\"1b8811f\" data-element_type=\"widget\" data-widget_type=\"image.default\">\n\t\t\t\t<div class=\"elementor-widget-container\">\n\t\t\t\t\t\t\t\t\t\t\t\t\t\t\t<img alt=\"\" decoding=\"async\" width=\"596\" height=\"737\" src=\"https:\/\/bjl4668a.mmiweb.iut-tlse3.fr\/wp-content\/uploads\/2025\/04\/Menu-2-e1743583643206.png\" class=\"attachment-large size-large wp-image-109\" alt=\"\" srcset=\"https:\/\/bjl4668a.mmiweb.iut-tlse3.fr\/wp-content\/uploads\/2025\/04\/Menu-2-e1743583643206.png 596w, https:\/\/bjl4668a.mmiweb.iut-tlse3.fr\/wp-content\/uploads\/2025\/04\/Menu-2-e1743583643206-243x300.png 243w\" sizes=\"(max-width: 596px) 100vw, 596px\" \/>\t\t\t\t\t\t\t\t\t\t\t\t\t\t\t<\/div>\n\t\t\t\t<\/div>\n\t\t<div class=\"elementor-element elementor-element-d582c89 e-con-full e-flex wpr-particle-no wpr-jarallax-no wpr-parallax-no wpr-sticky-section-no e-con e-child\" data-id=\"d582c89\" data-element_type=\"container\">\n\t\t<div class=\"elementor-element elementor-element-48254d6 e-con-full e-flex wpr-particle-no wpr-jarallax-no wpr-parallax-no wpr-sticky-section-no e-con e-child\" data-id=\"48254d6\" data-element_type=\"container\">\n\t\t\t\t<div class=\"elementor-element elementor-element-fb269ac elementor-widget elementor-widget-image\" data-id=\"fb269ac\" data-element_type=\"widget\" data-widget_type=\"image.default\">\n\t\t\t\t<div class=\"elementor-widget-container\">\n\t\t\t\t\t\t\t\t\t\t\t\t\t\t\t<img alt=\"\" fetchpriority=\"high\" decoding=\"async\" width=\"800\" height=\"800\" src=\"https:\/\/bjl4668a.mmiweb.iut-tlse3.fr\/wp-content\/uploads\/2025\/04\/Capture-decran-2025-04-01-a-10.45.24-e1743583747564-1024x1024.png\" class=\"attachment-large size-large wp-image-110\" alt=\"\" srcset=\"https:\/\/bjl4668a.mmiweb.iut-tlse3.fr\/wp-content\/uploads\/2025\/04\/Capture-decran-2025-04-01-a-10.45.24-e1743583747564-1024x1024.png 1024w, https:\/\/bjl4668a.mmiweb.iut-tlse3.fr\/wp-content\/uploads\/2025\/04\/Capture-decran-2025-04-01-a-10.45.24-e1743583747564-300x300.png 300w, https:\/\/bjl4668a.mmiweb.iut-tlse3.fr\/wp-content\/uploads\/2025\/04\/Capture-decran-2025-04-01-a-10.45.24-e1743583747564-150x150.png 150w, https:\/\/bjl4668a.mmiweb.iut-tlse3.fr\/wp-content\/uploads\/2025\/04\/Capture-decran-2025-04-01-a-10.45.24-e1743583747564-768x768.png 768w, https:\/\/bjl4668a.mmiweb.iut-tlse3.fr\/wp-content\/uploads\/2025\/04\/Capture-decran-2025-04-01-a-10.45.24-e1743583747564-1536x1536.png 1536w, https:\/\/bjl4668a.mmiweb.iut-tlse3.fr\/wp-content\/uploads\/2025\/04\/Capture-decran-2025-04-01-a-10.45.24-e1743583747564.png 1747w\" sizes=\"(max-width: 800px) 100vw, 800px\" \/>\t\t\t\t\t\t\t\t\t\t\t\t\t\t\t<\/div>\n\t\t\t\t<\/div>\n\t\t\t\t<\/div>\n\t\t<div class=\"elementor-element elementor-element-1643054 e-con-full e-flex wpr-particle-no wpr-jarallax-no wpr-parallax-no wpr-sticky-section-no e-con e-child\" data-id=\"1643054\" data-element_type=\"container\">\n\t\t\t\t<div class=\"elementor-element elementor-element-6e3c1f0 elementor-widget elementor-widget-heading\" data-id=\"6e3c1f0\" data-element_type=\"widget\" data-widget_type=\"heading.default\">\n\t\t\t\t<div class=\"elementor-widget-container\">\n\t\t\t\t\t<h2 class=\"elementor-heading-title elementor-size-default\">Sapori del Sud<\/h2>\t\t\t\t<\/div>\n\t\t\t\t<\/div>\n\t\t<div class=\"elementor-element elementor-element-094c02e e-con-full e-flex wpr-particle-no wpr-jarallax-no wpr-parallax-no wpr-sticky-section-no e-con e-child\" data-id=\"094c02e\" data-element_type=\"container\">\n\t\t\t\t<div class=\"elementor-element elementor-element-ea21ab1 elementor-widget elementor-widget-text-editor\" data-id=\"ea21ab1\" data-element_type=\"widget\" data-widget_type=\"text-editor.default\">\n\t\t\t\t<div class=\"elementor-widget-container\">\n\t\t\t\t\t\t\t\t\t<p>Laissez-vous emporter par l\u2019ambiance chaleureuse du sud de l\u2019Italie. Entre la fra\u00eecheur des fruits de mer, l\u2019intensit\u00e9 du pesto de pistache et la douceur envo\u00fbtante d\u2019une panna cotta, ce menu c\u00e9l\u00e8bre les saveurs m\u00e9diterran\u00e9ennes dans leur plus belle expression. Un repas aux accents ensoleill\u00e9s, accompagn\u00e9 de limoncello et de vins du sud.<\/p>\t\t\t\t\t\t\t\t<\/div>\n\t\t\t\t<\/div>\n\t\t\t\t<\/div>\n\t\t\t\t<\/div>\n\t\t\t\t<\/div>\n\t\t\t\t\t<\/div>\n\t\t\t\t<\/div>\n\t\t<div class=\"elementor-element elementor-element-1ff890b7 e-con-full e-flex wpr-particle-no wpr-jarallax-no wpr-parallax-no wpr-sticky-section-no e-con e-parent\" data-id=\"1ff890b7\" data-element_type=\"container\" data-settings=\"{&quot;background_background&quot;:&quot;classic&quot;}\">\n\t\t<div class=\"elementor-element elementor-element-79e93ec8 e-flex e-con-boxed wpr-particle-no wpr-jarallax-no wpr-parallax-no wpr-sticky-section-no e-con e-child\" data-id=\"79e93ec8\" data-element_type=\"container\">\n\t\t\t\t\t<div class=\"e-con-inner\">\n\t\t\t\t<div class=\"elementor-element elementor-element-6d0b591e elementor-widget elementor-widget-heading\" data-id=\"6d0b591e\" data-element_type=\"widget\" data-widget_type=\"heading.default\">\n\t\t\t\t<div class=\"elementor-widget-container\">\n\t\t\t\t\t<h2 class=\"elementor-heading-title elementor-size-default\">Ils se sont r\u00e9gal\u00e9s<\/h2>\t\t\t\t<\/div>\n\t\t\t\t<\/div>\n\t\t\t\t<div class=\"elementor-element elementor-element-41546df0 elementor-widget elementor-widget-heading\" data-id=\"41546df0\" data-element_type=\"widget\" data-widget_type=\"heading.default\">\n\t\t\t\t<div class=\"elementor-widget-container\">\n\t\t\t\t\t<h3 class=\"elementor-heading-title elementor-size-default\"><h3 data-elementor-setting-key=\"title\" data-pen-placeholder=\"\u00c9crivez ici...\">Nos clients vous partagent leur exp\u00e9rience<span style=\"color: var( --e-global-color-secondary );font-size: 24px;letter-spacing: -0.13px;background-color: var( --e-global-color-primary )\"><\/span><\/h3><\/h3>\t\t\t\t<\/div>\n\t\t\t\t<\/div>\n\t\t\t\t\t<\/div>\n\t\t\t\t<\/div>\n\t\t<div class=\"elementor-element elementor-element-1c2cd369 e-flex e-con-boxed wpr-particle-no wpr-jarallax-no wpr-parallax-no wpr-sticky-section-no e-con e-child\" data-id=\"1c2cd369\" data-element_type=\"container\">\n\t\t\t\t\t<div class=\"e-con-inner\">\n\t\t<div class=\"elementor-element elementor-element-85bdf6c e-con-full e-flex wpr-particle-no wpr-jarallax-no wpr-parallax-no wpr-sticky-section-no elementor-invisible e-con e-child\" data-id=\"85bdf6c\" data-element_type=\"container\" data-settings=\"{&quot;animation&quot;:&quot;fadeInUp&quot;}\">\n\t\t\t\t<div class=\"elementor-element elementor-element-5b53e11c elementor-widget elementor-widget-text-editor\" data-id=\"5b53e11c\" data-element_type=\"widget\" data-widget_type=\"text-editor.default\">\n\t\t\t\t<div class=\"elementor-widget-container\">\n\t\t\t\t\t\t\t\t\t<p>&#8220;La cuisine de Nonna, c\u2019est du soleil dans l\u2019assiette ! J\u2019ai retrouv\u00e9 les vraies saveurs des recettes de ma grand-m\u00e8re italienne. C\u2019est gourmand, authentique et g\u00e9n\u00e9reux. Une exp\u00e9rience \u00e0 vivre !&#8221;<\/p>\t\t\t\t\t\t\t\t<\/div>\n\t\t\t\t<\/div>\n\t\t\t\t<div class=\"elementor-element elementor-element-48a60dcd elementor-widget-divider--view-line elementor-widget elementor-widget-divider\" data-id=\"48a60dcd\" data-element_type=\"widget\" data-widget_type=\"divider.default\">\n\t\t\t\t<div class=\"elementor-widget-container\">\n\t\t\t\t\t\t\t<div class=\"elementor-divider\">\n\t\t\t<span class=\"elementor-divider-separator\">\n\t\t\t\t\t\t<\/span>\n\t\t<\/div>\n\t\t\t\t\t\t<\/div>\n\t\t\t\t<\/div>\n\t\t\t\t<div class=\"elementor-element elementor-element-33527b01 elementor-widget elementor-widget-icon-box\" data-id=\"33527b01\" data-element_type=\"widget\" data-widget_type=\"icon-box.default\">\n\t\t\t\t<div class=\"elementor-widget-container\">\n\t\t\t\t\t\t\t<div class=\"elementor-icon-box-wrapper\">\n\n\t\t\t\n\t\t\t\t\t\t<div class=\"elementor-icon-box-content\">\n\n\t\t\t\t\t\t\t\t\t<span class=\"elementor-icon-box-title\">\n\t\t\t\t\t\t<span  >\n\t\t\t\t\t\t\tMarc T.\t\t\t\t\t\t<\/span>\n\t\t\t\t\t<\/span>\n\t\t\t\t\n\t\t\t\t\n\t\t\t<\/div>\n\t\t\t\n\t\t<\/div>\n\t\t\t\t\t\t<\/div>\n\t\t\t\t<\/div>\n\t\t\t\t<\/div>\n\t\t<div class=\"elementor-element elementor-element-7371886b e-con-full e-flex wpr-particle-no wpr-jarallax-no wpr-parallax-no wpr-sticky-section-no elementor-invisible e-con e-child\" data-id=\"7371886b\" data-element_type=\"container\" data-settings=\"{&quot;animation&quot;:&quot;fadeInUp&quot;}\">\n\t\t\t\t<div class=\"elementor-element elementor-element-244b8f4e elementor-widget elementor-widget-text-editor\" data-id=\"244b8f4e\" data-element_type=\"widget\" data-widget_type=\"text-editor.default\">\n\t\t\t\t<div class=\"elementor-widget-container\">\n\t\t\t\t\t\t\t\t\t<p>&#8220;Loin des restaurants italiens classiques, ici tout est pens\u00e9 pour une immersion totale : les saveurs, la d\u00e9coration, l\u2019atmosph\u00e8re\u2026 Une vraie parenth\u00e8se enchant\u00e9e qui nous transporte directement en Italie.&#8221;<\/p>\t\t\t\t\t\t\t\t<\/div>\n\t\t\t\t<\/div>\n\t\t\t\t<div class=\"elementor-element elementor-element-6848ed2c elementor-widget-divider--view-line elementor-widget elementor-widget-divider\" data-id=\"6848ed2c\" data-element_type=\"widget\" data-widget_type=\"divider.default\">\n\t\t\t\t<div class=\"elementor-widget-container\">\n\t\t\t\t\t\t\t<div class=\"elementor-divider\">\n\t\t\t<span class=\"elementor-divider-separator\">\n\t\t\t\t\t\t<\/span>\n\t\t<\/div>\n\t\t\t\t\t\t<\/div>\n\t\t\t\t<\/div>\n\t\t\t\t<div class=\"elementor-element elementor-element-5248dad0 elementor-widget elementor-widget-icon-box\" data-id=\"5248dad0\" data-element_type=\"widget\" data-widget_type=\"icon-box.default\">\n\t\t\t\t<div class=\"elementor-widget-container\">\n\t\t\t\t\t\t\t<div class=\"elementor-icon-box-wrapper\">\n\n\t\t\t\n\t\t\t\t\t\t<div class=\"elementor-icon-box-content\">\n\n\t\t\t\t\t\t\t\t\t<span class=\"elementor-icon-box-title\">\n\t\t\t\t\t\t<span  >\n\t\t\t\t\t\t\t\u00c9l\u00e9na P.\t\t\t\t\t\t<\/span>\n\t\t\t\t\t<\/span>\n\t\t\t\t\n\t\t\t\t\n\t\t\t<\/div>\n\t\t\t\n\t\t<\/div>\n\t\t\t\t\t\t<\/div>\n\t\t\t\t<\/div>\n\t\t\t\t<\/div>\n\t\t<div class=\"elementor-element elementor-element-5bb6739e e-con-full e-flex wpr-particle-no wpr-jarallax-no wpr-parallax-no wpr-sticky-section-no elementor-invisible e-con e-child\" data-id=\"5bb6739e\" data-element_type=\"container\" data-settings=\"{&quot;animation&quot;:&quot;fadeInUp&quot;}\">\n\t\t\t\t<div class=\"elementor-element elementor-element-7fb20b00 elementor-widget elementor-widget-text-editor\" data-id=\"7fb20b00\" data-element_type=\"widget\" data-widget_type=\"text-editor.default\">\n\t\t\t\t<div class=\"elementor-widget-container\">\n\t\t\t\t\t\t\t\t\t<p>&#8220;Que dire \u00e0 part MERCI ? Un accueil chaleureux, un d\u00e9cor sublime et des plats qui font voyager\u2026 C\u2019est l\u2019endroit parfait pour une soir\u00e9e en amoureux ou entre amis. Une p\u00e9pite !&#8221;<\/p>\t\t\t\t\t\t\t\t<\/div>\n\t\t\t\t<\/div>\n\t\t\t\t<div class=\"elementor-element elementor-element-13df00cf elementor-widget-divider--view-line elementor-widget elementor-widget-divider\" data-id=\"13df00cf\" data-element_type=\"widget\" data-widget_type=\"divider.default\">\n\t\t\t\t<div class=\"elementor-widget-container\">\n\t\t\t\t\t\t\t<div class=\"elementor-divider\">\n\t\t\t<span class=\"elementor-divider-separator\">\n\t\t\t\t\t\t<\/span>\n\t\t<\/div>\n\t\t\t\t\t\t<\/div>\n\t\t\t\t<\/div>\n\t\t\t\t<div class=\"elementor-element elementor-element-f57b469 elementor-widget elementor-widget-icon-box\" data-id=\"f57b469\" data-element_type=\"widget\" data-widget_type=\"icon-box.default\">\n\t\t\t\t<div class=\"elementor-widget-container\">\n\t\t\t\t\t\t\t<div class=\"elementor-icon-box-wrapper\">\n\n\t\t\t\n\t\t\t\t\t\t<div class=\"elementor-icon-box-content\">\n\n\t\t\t\t\t\t\t\t\t<span class=\"elementor-icon-box-title\">\n\t\t\t\t\t\t<span  >\n\t\t\t\t\t\t\tThomas R.\t\t\t\t\t\t<\/span>\n\t\t\t\t\t<\/span>\n\t\t\t\t\n\t\t\t\t\n\t\t\t<\/div>\n\t\t\t\n\t\t<\/div>\n\t\t\t\t\t\t<\/div>\n\t\t\t\t<\/div>\n\t\t\t\t<\/div>\n\t\t\t\t\t<\/div>\n\t\t\t\t<\/div>\n\t\t\t\t<\/div>\n\t\t\t\t<\/div>\n\t\t","protected":false},"excerpt":{"rendered":"<p>Le Nostre Tavole Chez NONNA, chaque repas est une immersion dans l\u2019authenticit\u00e9 de la cuisine italienne, servie dans un cadre d\u2019exception. Deux villas toscanes, deux atmosph\u00e8res uniques, deux menus inspir\u00e9s des recettes traditionnelles de nos mamie. Sapori de Italia Plongez dans l\u2019\u00e9l\u00e9gance des saveurs de l\u2019Italie. Ce menu raffin\u00e9 met \u00e0 l\u2019honneur des plats traditionnels tels que le risotto aux c\u00e8pes, les lasagnes \u00e0 la bolognaise et les antipasti savoureux. Un voyage gustatif o\u00f9 le parmesan, la truffe et les vins fins vous transportent au c\u0153ur des terres italiennes. Sapori del Sud Laissez-vous emporter par l\u2019ambiance chaleureuse du sud de l\u2019Italie. Entre la fra\u00eecheur des fruits de mer, l\u2019intensit\u00e9 du pesto de pistache et la douceur envo\u00fbtante d\u2019une panna cotta, ce menu c\u00e9l\u00e8bre les saveurs m\u00e9diterran\u00e9ennes dans leur plus belle expression. Un repas aux accents ensoleill\u00e9s, accompagn\u00e9 de limoncello et de vins du sud. Ils se sont r\u00e9gal\u00e9s Nos clients vous partagent leur exp\u00e9rience &#8220;La cuisine de Nonna, c\u2019est du soleil dans l\u2019assiette ! J\u2019ai retrouv\u00e9 les vraies saveurs des recettes de ma grand-m\u00e8re italienne. C\u2019est gourmand, authentique et g\u00e9n\u00e9reux. Une exp\u00e9rience \u00e0 vivre !&#8221; Marc T. &#8220;Loin des restaurants italiens classiques, ici tout est pens\u00e9 pour une immersion totale : les saveurs, la d\u00e9coration, l\u2019atmosph\u00e8re\u2026 Une vraie parenth\u00e8se enchant\u00e9e qui nous transporte directement en Italie.&#8221; \u00c9l\u00e9na P. &#8220;Que dire \u00e0 part MERCI ? Un accueil chaleureux, un d\u00e9cor sublime et des plats qui font voyager\u2026 C\u2019est l\u2019endroit parfait pour une soir\u00e9e en amoureux ou entre amis. Une p\u00e9pite !&#8221; Thomas R.<\/p>\n","protected":false},"author":1,"featured_media":0,"parent":0,"menu_order":0,"comment_status":"closed","ping_status":"closed","template":"","meta":{"_seopress_robots_primary_cat":"","_seopress_titles_title":"","_seopress_titles_desc":"","_seopress_robots_index":"","footnotes":""},"class_list":["post-47","page","type-page","status-publish","hentry"],"_links":{"self":[{"href":"https:\/\/bjl4668a.mmiweb.iut-tlse3.fr\/index.php?rest_route=\/wp\/v2\/pages\/47","targetHints":{"allow":["GET"]}}],"collection":[{"href":"https:\/\/bjl4668a.mmiweb.iut-tlse3.fr\/index.php?rest_route=\/wp\/v2\/pages"}],"about":[{"href":"https:\/\/bjl4668a.mmiweb.iut-tlse3.fr\/index.php?rest_route=\/wp\/v2\/types\/page"}],"author":[{"embeddable":true,"href":"https:\/\/bjl4668a.mmiweb.iut-tlse3.fr\/index.php?rest_route=\/wp\/v2\/users\/1"}],"replies":[{"embeddable":true,"href":"https:\/\/bjl4668a.mmiweb.iut-tlse3.fr\/index.php?rest_route=%2Fwp%2Fv2%2Fcomments&post=47"}],"version-history":[{"count":25,"href":"https:\/\/bjl4668a.mmiweb.iut-tlse3.fr\/index.php?rest_route=\/wp\/v2\/pages\/47\/revisions"}],"predecessor-version":[{"id":169,"href":"https:\/\/bjl4668a.mmiweb.iut-tlse3.fr\/index.php?rest_route=\/wp\/v2\/pages\/47\/revisions\/169"}],"wp:attachment":[{"href":"https:\/\/bjl4668a.mmiweb.iut-tlse3.fr\/index.php?rest_route=%2Fwp%2Fv2%2Fmedia&parent=47"}],"curies":[{"name":"wp","href":"https:\/\/api.w.org\/{rel}","templated":true}]}}